 4*v + 12 = 4*j. Let k be (-3 - -6)/9*v. Let u(h) = 2*h**2 + 3*h**2 + 5*h**3 - 4*h**2. Calculate u(k).
-4
Let b(t) = -t**3 + 2*t**2 - 9*t. Let u(m) = m**2 - m. Let x(o) = -b(o) + 5*u(o). What is x(-3)?
-12
Suppose -2*a = 3*a - 40. Let k be (-2)/a - 207/36. Let i(c) = 2*c + 1. Determine i(k).
-11
Let r be (-3)/(-2)*(-20)/(-15). Let v(t) = r*t + 3*t + 4 - 4*t. What is v(-6)?
-2
Let g(x) be the third derivative of x**5/60 - 7*x**4/24 + 4*x**3/3 + x**2. Let n = 3 - 3. Suppose -4*f + 22 = 3*j - 4*j, n = 4*f + 5*j - 34. Calculate g(f).
2
Suppose 0 = 2*s - 2, 0 = -4*q + 3*s - 1 + 6. Let p be (12/(-8))/(6/(-16)). Let w(j) = p*j - j - 4*j. What is w(q)?
-2
Let d(p) = -p**2 + 5*p + 7. Let l be 5/((-10)/(-12)) - -1. Determine d(l).
-7
Let p(r) = -10*r**2 - 3*r**3 + 5*r**3 + 5*r**2 + 5*r - r**3. Calculate p(4).
4
Let l(g) be the second derivative of g**3/3 - 7*g**2/2 - g. Let t = -1 - 1. Let n(x) = x - 4. Let q(z) = t*l(z) + 5*n(z). Give q(5).
-1
Let p(r) = -r**2 - r + 1. Let q(l) = 2*l**2 - 3*l - 7. Let s(u) = p(u) + q(u). Determine s(6).
6
Let c(m) = -2 - 4*m**2 + 6 + 3*m**2. Suppose -2*g = 46 - 40. Give c(g).
-5
Let p(w) = w**2 - 2*w + 3. Let m be (1/(-3))/((-5)/30). Give p(m).
3
Let l(f) be the third derivative of -f**5/5 + 6*f**2. Determine l(1).
-12
Let f(l) be the third derivative of l**4/12 - l**3/3 - l**2. Let o be (-1 + -2)/3 - -36. Let v be 150/o - 4/14. Give f(v).
6
Let l(o) = -o**2 + o + 3. Let q(x) = -x + 1. Let p(t) = l(t) + 6*q(t). Let k be p(-6). Let d(z) = -z**2 - 2 - 1 + 0*z + 3*z. Determine d(k).
-3
Let d(u) = u**3 - 12*u**2. Let f be d(12). Let b(k) = -3*k + 3*k**3 + 2 - 2*k**3 + f*k**3. What is b(2)?
4
Let l(m) be the second derivative of m**3 + 8*m + 1/20*m**5 + 1/2*m**4 + 0 - 1/2*m**2. Let w be (-32)/6 + (-2)/(-6). What is l(w)?
-6
Suppose -f + 2 = 4. Suppose -3*g + g = -4. Let r = g + f. Let s(a) = a - 3. Determine s(r).
-3
Let a(h) = 6*h**3 + 6*h**2 - 5*h - 7. Let q(j) = -j**3 + j. Let c(w) = -a(w) - 5*q(w). Determine c(-6).
7
Let l(a) = 7*a - 2*a - 1 + 2. Determine l(2).
11
Let i be -6 + (6/3 - -1). Let r(y) = y**2 + 2*y - 1. Let v(a) = -2*a**2 - 3*a + 3. Let w(k) = 5*r(k) + 3*v(k). Determine w(i).
-8
Let z(b) be the first derivative of b**3/3 + 3*b**2 - b + 1. Determine z(-5).
-6
Suppose 2*g = u + 15, -3*u + 1 + 4 = 4*g. Let v(q) = -q + 5. Calculate v(u).
10
Let t(g) = -21 - g**2 + 16 - 2*g**2 + 4*g**2 + 2*g. Determine t(-4).
3
Let j(t) = 7*t**3 - 10*t**2 - 4*t - 5. Let r(k) = -11*k**3 + 15*k**2 + 6*k + 8. Let z(d) = 8*j(d) + 5*r(d). Determine z(5).
-10
Let j(m) = -m - 6. Suppose -3*k = -w + 16, 14 = -4*k - w + 6*w. Calculate j(k).
0
Let l be (-5 + 2)*(-1 + 0). Suppose -l*q + 6 = -12. Let a = -10 + q. Let z(p) = -p**2 - 4*p + 1. What is z(a)?
1
Let r(g) = -g**2 - 5*g - 4. Let c(j) = 3*j. Let d be c(-1). Let t be 1 - (-6)/d - -4. Suppose 6*m + 15 = t*m. Determine r(m).
-4
Let x(b) = b**3 - 2*b**2 + 4*b - 3. Suppose -3*m + 5*k = 10, 4*m - 5*k = -1 - 4. Suppose -4*g = 2*h, 2*h - m = h + 3*g. Determine x(h).
5
Let a(h) = -h**3 - 10*h**2 - 9*h - 3. Let s be a(-9). Let v be -6*s/6 - 0. Let x(l) = 2*l - 2*l - l. What is x(v)?
-3
Let i(q) = q + q**3 + 65*q**2 + 68*q**2 - 140*q**2 - 3. Suppose -2*b = -4*b + 14. Calculate i(b).
4
Let t(k) = k - 5. Suppose 0 = 2*v + 3*z + 1 + 3, 3*z + 10 = 4*v. Suppose -2*g + 7 = -v. Calculate t(g).
-1
Let m(k) = 0*k + 1 + 13*k + 0*k - 7*k. Suppose -4*t - 2 - 4 = -2*c, t = -c - 3. What is m(c)?
-5
Let b(w) = 2*w**2 - 12*w + 9. Let a(i) = -2*i**2 + 11*i - 8. Let j(m) = 7*a(m) + 6*b(m). Calculate j(4).
-14
Let j(v) = 2*v + 3. Suppose -4*f - t - 17 = 0, -2*f + 8 = 2*f - 4*t. Calculate j(f).
-3
Let k(f) = -5*f**2 + f + 7. Let d(l) = -l**2 + 1. Let w(g) = 3*d(g) - k(g). Calculate w(-3).
17
Let w be (-100)/24 + (-5)/(-30). Let s(n) = n**3 + 4*n**2 - 3. Determine s(w).
-3
Let o(n) = -n + 8. Suppose 2*i - 7*i = -35. Determine o(i).
1
Let b(t) = -t**3 + t**2 + t - 2. Let x be b(2). Let z = x + 3. Let f(j) be the first derivative of -11*j**2/2 - j - 2. Calculate f(z).
10
Let h(u) = 184*u - 92*u - 96*u. Determine h(2).
-8
Let r(h) = -h**3 - 8*h - 8. Let d = 14 + -8. Let q(o) = -d*o - 2*o - o**3 - o**2 - 7 + o. Let y(t) = -5*q(t) + 4*r(t). What is y(-4)?
7
Let h(s) = 2*s. Let b = -20 - -24. Calculate h(b).
8
Let p(b) = -b**3 + 6*b**2 - 9*b - 11. Let s(n) = -n**3 + 6*n**2 - 10*n - 12. Let u(v) = 5*p(v) - 4*s(v). Let x = 31 + -26. Give u(x).
-7
Let c(k) = k**2 - 16*k + 44. Let t be c(13). Let j(h) = h**2 - 6*h + 3. Calculate j(t).
-2
Suppose -3*r = -4*p + r - 12, -3*r + 9 = -2*p. Let i(x) be the third derivative of 0 + 1/8*x**4 - 3*x**2 + p*x + x**3. Give i(-4).
-6
Let r be 2 + 510/68*(-4)/(-5). Let o(h) = h**2 + 1. Let i(y) = y**2 + 7*y + 12. Let c(s) = i(s) - 2*o(s). Determine c(r).
2
Let h = 37 - 40. Let i(v) = v + 4. What is i(h)?
1
Let o(a) be the second derivative of -a**5/20 + a**4/6 + a**3/3 - 2*a**2 - 5*a. Calculate o(3).
-7
Let c(q) = -q**3 + 3*q**2 + 2*q + 1. Suppose 10*r - 9*r - 8 = 0. Suppose 3*w + 12 = -0*w. Let u = w + r. Give c(u).
-7
Let k(c) = -3*c + c**2 + 5*c**2 - 4*c**2 - 3*c**2. Determine k(-3).
0
Let d(u) = -2*u + 8 + 7*u - 2. Suppose 4 = -8*q - 28. Determine d(q).
-14
Let q(n) = -n**2 - n + 5. Let u(l) = 1 + l + 2*l - l - 3*l. Let r(p) = q(p) - 5*u(p). Determine r(3).
3
Let k(b) be the first derivative of -b**3 + 8 - b + 1/2*b**2. Determine k(1).
-3
Let i(t) = t**3 + 3*t**2 - t - 1. Let o be i(-3). Let b(f) = 6*f + 6*f - o*f. What is b(1)?
10
Suppose 25 = -5*m + 3*k + 2*k, -k - 31 = 5*m. Let v be (4/m)/(5/(-45)). Let h(l) = l**2 + 4 - 3 - 5*l + 0. What is h(v)?
7
Suppose -h + 17 = -v, h - 4*v - 27 - 2 = 0. Let t(o) = -4*o - o + h*o**2 - 1 - 5*o**2 - 7*o**2. Let m(p) = 2*p**2 - 2*p. Let x be m(2). Determine t(x).
-5
Let w(h) = h**2 + h - 1. Let r(u) = 4*u - 6. Suppose -3*n + 2 = -13. Let m be r(n). Suppose m = -4*o + 6. Calculate w(o).
1
Let g(q) = 9*q - 14*q + q**3 + 4 + 5*q**2 + 6*q. What is g(-5)?
-1
Let b be 3/9*(0 - (-1)/20). Let z(l) be the third derivative of -l**2 + 0*l - 5/6*l**3 - 7/24*l**4 - b*l**5 + 0. What is z(-5)?
5
Let r(v) be the third derivative of -v**8/6720 + v**7/2520 + v**6/360 - v**5/15 - 2*v**2. Let n(k) be the third derivative of r(k). Calculate n(2).
-6
Let s(g) = g. Let w(y) = 4*y**3 + 3*y**2 - 6*y. Let l(b) = -b**3 + b. Let a(m) = -3*l(m) - w(m). Let f(r) = a(r) - 3*s(r). Let o = 1 - 4. What is f(o)?
0
Let h(o) = o**2 + 8*o - 9. Let x be h(-9). Let w(a) = x*a + 4*a + 3*a**3 - 2*a**3 - 2*a**2 - 3*a + 1. Give w(2).
3
Suppose 12 - 36 = -4*g. Let t = 30 - g. Suppose -4*u - 20 = u, u = 5*i - t. Let r(f) = f - 2. What is r(i)?
2
Suppose -5 = -b - 2, -5*v - b + 33 = 0. Let x(f) = f - 13. What is x(v)?
-7
Let f(d) be the second derivative of -d**3/6 - 5*d**2 + 8*d. Let g be 2/8 + (-1)/4. Give f(g).
-10
Let o(h) = -h**2 + 4*h + 4. Suppose 44 + 16 = 5*q. Let l be (-34)/(-6) - q/18. What is o(l)?
-1
Let o(a) be the second derivative of -a**5/20 - a**4/2 - 5*a**3/6 + 3*a**2/2 - a. Let f(j) = -16 + 0*j**2 + j**2 + 2*j + 8*j. Let t be f(-11). Determine o(t).
3
Let h(j) = j - 9. Let t be 0 - (0 + (-2 - 7)). Give h(t).
0
Let c(u) = -1 - 4*u + u**2 + 1 + 1. Let d be (12/4)/((-6)/(-10)). What is c(d)?
6
Let x(a) = 4*a - 2*a**3 + 3 - a**2 - 3*a + a**3. Let u = 1 + 1. Suppose w + 2 = -l, -w = u*w - 4*l - 8. Give x(w).
3
Let h(o) = 2*o - 4. Let b(p) = -8*p + 17. Let s(v) = -2*b(v) - 9*h(v). What is s(6)?
-10
Let a(o) be the third derivative of o**8/20160 - o**7/1008 + o**6/720 + o**5/60 - 5*o**2. Let n(q) be the third derivative of a(q). Give n(6).
7
Let r(n) = 0*n - 13 + 2*n - 13*n**2 + 0. Let c(d) = 9*d**2 - d + 9. Let g(a) = 7*c(a) + 5*r(a). Let b = -34 + 36. Calculate g(b).
-4
Suppose c = -2*c + 33. Let z = -9 + c. Let s(x) = 4*x - 3. Give s(z).
5
Let n(m) = -m + 2. Let r(g) = g - 3. Let p(h) = -4*n(h) - 3*r(h). Calculate p(4).
5
Let q(m) = 0*m**2 - 461 + 0*m**2 + 7*m + m**2 + 465. Determine q(-6).
-2
Let b(z) = z**3 + 6*z**2 + 7*z + 7. Suppose -2*u - 18 = -2*a, 2*u + 3*u + 4*a = -9. What is b(u)?
-3
Let z = -13 + 9. Let o be (8/(-6))/(z/6). Let u(g) = -6 + 3*g + 2 + 0 + g**o. Give u(-3).
-4
Suppose 3*h - 20 = -h. Let v(q) = -q**2 + q**3 + 5 + q + 6 + 0*q**3 - h. Give v(0).
6
Suppose 2*m + 6 = 4. Let j be (-2 - (m + 0)) + -1. Let i(u) = -2*u**3 + u - 1. What is i(j)?
13
Let u(l) =